30?
135
Calculate the highest common divisor of 8100494 and 796.
398
Calculate the highest common divisor of 7783400 and 900.
100
What is the greatest common divisor of 19740 and 243648?
564
What is the highest common divisor of 102364 and 3656416?
652
What is the greatest common factor of 40710120 and 48840?
1320
What is the greatest common divisor of 40 and 16845040?
40
What is the highest common factor of 1775 and 1331534?
71
Calculate the highest common factor of 22 and 70012646.
22
What is the highest common factor of 11 and 6169559?
11
What is the highest common divisor of 5076790 and 1610?
230
What is the greatest common factor of 7520674 and 56?
14
Calculate the highest common factor of 19386 and 3782424.
2154
What is the greatest common divisor of 34162 and 1691?
19
What is the greatest common divisor of 13915217 and 7495?
1499
What is the greatest common factor of 51 and 104886753?
51
Calculate the highest common factor of 18727524 and 864.
108
What is the greatest common divisor of 225486 and 1008?
18
Calculate the highest common factor of 426 and 413687322.
426
What is the highest common factor of 597 and 17763?
3
Calculate the highest common divisor of 345283 and 306997.
709
What is the highest common divisor of 7747348 and 108400?
1084
What is the highest common factor of 46345 and 411515?
65
What is the greatest common divisor of 320606 and 527098?
5434
What is the highest common divisor of 2524616 and 1148?
164
Calculate the highest common factor of 142331568 and 3343.
3343
Calculate the greatest common factor of 349976 and 361784.
328
What is the highest common divisor of 10878657 and 1173?
51
What is the greatest common divisor of 14595 and 41505?
15
Calculate the greatest common divisor of 10 and 823179080.
10
What is the highest common factor of 31376 and 7952?
16
Calculate the greatest common divisor of 9 and 894449619.
9
What is the greatest common factor of 1710045 and 478?
239
Calculate the highest common divisor of 60 and 8161325.
5
What is the highest common divisor of 452029 and 33115?
37
What is the greatest common divisor of 5698 and 544936?
518
What is the highest common factor of 1625 and 6560450?
325
Calculate the highest common factor of 563493 and 35322.
21
Calculate the greatest common divisor of 24264 and 2148038.
674
What is the highest common divisor of 2344 and 281544?
8
What is the highest common factor of 12389346 and 198?
18
Calculate the highest common divisor of 9828875 and 1575.
175
What is the highest common divisor of 79003804 and 253?
253
What is the highest common factor of 3170641 and 407?
37
What is the greatest common divisor of 1225523530 and 110?
110
Calculate the highest common factor of 24310572 and 176.
44
What is the greatest common factor of 321950 and 1298075?
3425
What is the greatest common divisor of 37767125 and 92389?
2497
Calculate the greatest common divisor of 1078 and 9133674.
22
Calculate the highest common divisor of 5616 and 18289584.
432
What is the highest common divisor of 74933312 and 96?
32
Calculate the highest common factor of 1533 and 3452442.
21
What is the highest common factor of 246 and 23795088?
246
Calculate the highest common divisor of 88884 and 3312.
36
Calculate the greatest common divisor of 2684 and 1029952.
44
What is the highest common divisor of 15010 and 481573335?
7505
Calculate the greatest common factor of 1518935 and 21395.
55
What is the highest common factor of 1198236 and 1599?
39
Calculate the greatest common divisor of 4764968 and 429.
13
Calculate the highest common factor of 7429380 and 948.
12
Calculate the greatest common divisor of 9207682 and 2024.
506
Calculate the highest common factor of 5075214 and 578.
34
What is the highest common factor of 99 and 138264027?
33
What is the highest common factor of 701799 and 788979?
4359
Calculate the greatest common factor of 7957880 and 586.
586
What is the greatest common factor of 69286 and 945?
7
Calculate the highest common divisor of 2603 and 133.
19
What is the highest common divisor of 1481445 and 7?
7
Calculate the greatest common divisor of 9051449 and 7570.
757
What is the highest common factor of 7605 and 227565?
585
What is the highest common factor of 268026 and 351447?
93
What is the highest common divisor of 849759 and 5157?
573
Calculate the highest common factor of 1636349 and 429.
143
Calculate the greatest common factor of 3250 and 70785000.
3250
Calculate the highest common divisor of 704907 and 45524367.
10521
What is the greatest common divisor of 5399126 and 2419?
41
What is the highest common divisor of 3500 and 14794948?
28
What is the highest common divisor of 2650351 and 51?
17
Calculate the highest common divisor of 162 and 2994966.
18
Calculate the highest common divisor of 295764401 and 811.
811
What is the greatest common factor of 102765285 and 30?
15
Calculate the greatest common factor of 20 and 6792160.
20
Calculate the greatest common divisor of 45189410 and 1114.
1114
Calculate the highest common factor of 179351136 and 36.
36
What is the highest common factor of 1092 and 111624?
12
What is the greatest common factor of 300 and 224650?
50
What is the highest common factor of 97461853 and 55393?
4261
Calculate the highest common factor of 181875 and 6054375.
1875
What is the highest common divisor of 135 and 59881383?
27
What is the highest common factor of 294998 and 970904?
242
Calculate the highest common divisor of 363 and 193721.
121
What is the highest common divisor of 1163868750 and 6270?
6270
Calculate the highest common divisor of 2748360 and 300810.
1110
What is the greatest common factor of 6878 and 34998?
38
What is the greatest common divisor of 40799 and 33043481?
3709
Calculate the highest common divisor of 1276964 and 177566.
3778
Calculate the greatest common factor of 210256120 and 13208.
1016
What is the greatest common divisor of 442548 and 851922?
342
Calculate the greatest common factor of 19680 and 43870.
410
Calculate the greatest common divisor of 357361 and 14707.
191
Calculate the highest common divisor of 965800 and 539.
11
Calculate the highest common divisor of 269850 and 139500.
150
What is the greatest common divisor of 4011432 and 1083?
1083
Calculate the greatest common factor of 1073135473 and 206.
103
Calculate the highest common factor of 60 and 98719344.
12
What is the greatest common factor of 123617045 and 86?
43
Calculate the greatest common factor of 10610951 and 26.
13
Calculate the highest common factor of 696 and 82723254.
174
What is the greatest common factor of 2382 and 47694?
6
Calculate the highest common factor of 212 and 8010526.
106
Calculate the greatest common divisor of 28930860 and 1071.
63
What is the greatest common divisor of 417081393 and 16066?
8033
What is the highest common divisor of 8524359 and 243?
81
Calculate the highest common divisor of 1824 and 24955284.
228
What is the greatest common factor of 8400847 and 169?
13
What is the greatest common factor of 188 and 72982?
2
Calculate the highest common factor of 68057 and 154944.
269
Calculate the highest common divisor of 14 and 219712682.
14
What is the highest common divisor of 5817 and 9198?
21
What is the highest common factor of 2995640 and 136?
8
Calculate the highest common factor of 7332 and 180981396.
564
Calculate the greatest common divisor of 2608899 and 19799.
1523
What is the greatest common divisor of 783 and 3648519?
261
What is the highest common factor of 1524 and 600816?
12
What is the highest common divisor of 1654719 and 627?
33
What is the greatest common divisor of 30594120 and 218?
218
Calculate the highest common divisor of 167208 and 31.
1
What is the highest common factor of 39044349 and 243?
81
Calculate the greatest common factor of 161586 and 388502.
94
What is the highest common factor of 11340 and 152740?
140
What is the greatest common factor of 7841853 and 2916?
729
What is the highest common factor of 147975 and 1905?
15
Calculate the greatest common divisor of 65966377 and 1971.
73
Calculate the greatest common divisor of 129 and 95456087.
43
Calculate the highest common factor of 731458800 and 7200.
3600
Calculate the highest common divisor of 79331343 and 14.
7
Calculate the greatest common divisor